{"id":88,"date":"2023-02-19T00:19:19","date_gmt":"2023-02-18T23:19:19","guid":{"rendered":"https:\/\/ie.uek.krakow.pl\/ke\/?page_id=88"},"modified":"2025-07-10T20:48:37","modified_gmt":"2025-07-10T18:48:37","slug":"o-katedrze","status":"publish","type":"page","link":"https:\/\/if2.uek.krakow.pl\/krachf\/o-katedrze\/","title":{"rendered":"O Katedrze"},"content":{"rendered":"\t\t<div data-elementor-type=\"wp-page\" data-elementor-id=\"88\" class=\"elementor elementor-88\">\n\t\t\t\t\t\t<section data-particle_enable=\"false\" data-particle-mobile-disabled=\"false\" class=\"elementor-section elementor-top-section elementor-element elementor-element-4ca67fb elementor-section-boxed elementor-section-height-default elementor-section-height-default\" data-id=\"4ca67fb\" data-element_type=\"section\" data-settings=\"{&quot;jet_parallax_layout_list&quot;:[]}\">\n\t\t\t\t\t\t<div class=\"elementor-container elementor-column-gap-default\">\n\t\t\t\t\t<div class=\"elementor-column elementor-col-100 elementor-top-column elementor-element elementor-element-22e0d310\" data-id=\"22e0d310\" data-element_type=\"column\">\n\t\t\t<div class=\"elementor-widget-wrap elementor-element-populated\">\n\t\t\t\t\t\t<div class=\"elementor-element elementor-element-7c047738 elementor-widget elementor-widget-jet-headline\" data-id=\"7c047738\" data-element_type=\"widget\" data-widget_type=\"jet-headline.default\">\n\t\t\t\t<div class=\"elementor-widget-container\">\n\t\t\t<h2 class=\"jet-headline jet-headline--direction-horizontal\"><span class=\"jet-headline__part jet-headline__first\"><span class=\"jet-headline__label\">Katedra <\/span><\/span><span class=\"jet-headline__space\">&nbsp;<\/span><span class=\"jet-headline__part jet-headline__second\"><span class=\"jet-headline__label\">Rachunkowo\u015bci Finansowej<\/span><\/span><\/h2>\t\t<\/div>\n\t\t\t\t<\/div>\n\t\t\t\t<div class=\"elementor-element elementor-element-27706e0c elementor-widget-divider--view-line elementor-invisible elementor-widget elementor-widget-divider\" data-id=\"27706e0c\" data-element_type=\"widget\" data-settings=\"{&quot;_animation&quot;:&quot;fadeInLeft&quot;}\" data-widget_type=\"divider.default\">\n\t\t\t\t<div class=\"elementor-widget-container\">\n\t\t\t\t\t<div class=\"elementor-divider\">\n\t\t\t<span class=\"elementor-divider-separator\">\n\t\t\t\t\t\t<\/span>\n\t\t<\/div>\n\t\t\t\t<\/div>\n\t\t\t\t<\/div>\n\t\t\t\t<div class=\"elementor-element elementor-element-64fa2182 elementor-widget elementor-widget-text-editor\" data-id=\"64fa2182\" data-element_type=\"widget\" data-widget_type=\"text-editor.default\">\n\t\t\t\t<div class=\"elementor-widget-container\">\n\t\t\t\t\t\t\t<blockquote><h5>Misja Katedry<\/h5><\/blockquote>\t\t\t\t\t\t<\/div>\n\t\t\t\t<\/div>\n\t\t\t\t<div class=\"elementor-element elementor-element-c078210 elementor-widget elementor-widget-text-editor\" data-id=\"c078210\" data-element_type=\"widget\" data-widget_type=\"text-editor.default\">\n\t\t\t\t<div class=\"elementor-widget-container\">\n\t\t\t\t\t\t\t<p>Misj\u0105 Katedry Rachunkowo\u015bci Finansowej jest tworzenie nauki oraz ukierunkowanie na jej nieustanny rozw\u00f3j w oparciu o najnowsze osi\u0105gni\u0119cia \u015bwiatowe, a tak\u017ce propagowanie wiedzy w\u015br\u00f3d szerokiej rzeszy student\u00f3w i kszta\u0142cenie kadr naukowych przy zachowaniu najwy\u017cszych standard\u00f3w edukacyjnych oraz etycznych i poszanowaniu dla tradycji.<\/p><p>Katedra Rachunkowo\u015bci Finansowej skupia si\u0119 na nieustannym rozwoju swoich pracownik\u00f3w, aby mo\u017cliwa by\u0142a realizacja wszechstronnych bada\u0144 naukowych, wymiany my\u015bli oraz realizacji ich aspiracji w poszanowaniu r\u00f3\u017cnorodno\u015bci pogl\u0105d\u00f3w i oczekiwa\u0144. Tym samym Katedra realizuje swoj\u0105 misj\u0119 spo\u0142eczn\u0105 czerpi\u0105c z do\u015bwiadcze\u0144 przesz\u0142ych pokole\u0144 oraz wnosz\u0105c sw\u00f3j wk\u0142ad na rzecz nast\u0119pnych, kt\u00f3re b\u0119d\u0105 mog\u0142y korzysta\u0107 z efekt\u00f3w jej pracy. Jest to sp\u00f3jne z misj\u0105 Uniwersytetu Ekonomicznego w Krakowie: \u201eRerum cognoscere causas et valorem\u2026\u201d<\/p>\t\t\t\t\t\t<\/div>\n\t\t\t\t<\/div>\n\t\t\t\t<div class=\"elementor-element elementor-element-87e5df2 elementor-widget elementor-widget-text-editor\" data-id=\"87e5df2\" data-element_type=\"widget\" data-widget_type=\"text-editor.default\">\n\t\t\t\t<div class=\"elementor-widget-container\">\n\t\t\t\t\t\t\t<blockquote><h5>Wizja Katedry<\/h5><\/blockquote>\t\t\t\t\t\t<\/div>\n\t\t\t\t<\/div>\n\t\t\t\t<div class=\"elementor-element elementor-element-856c9be elementor-widget elementor-widget-text-editor\" data-id=\"856c9be\" data-element_type=\"widget\" data-widget_type=\"text-editor.default\">\n\t\t\t\t<div class=\"elementor-widget-container\">\n\t\t\t\t\t\t\t<p>Katedra stanie si\u0119 nowoczesn\u0105 jednostk\u0105 organizacyjn\u0105 Uniwersytetu Ekonomicznego w Krakowie, edukacyjno-badawcz\u0105, opiniotw\u00f3rcz\u0105 i doradcz\u0105, dzia\u0142aj\u0105c\u0105 aktywnie na forum naukowym, dydaktycznym i praktycznym, w sferze lokalnej, og\u00f3lnopolskiej i mi\u0119dzynarodowej. B\u0119dzie ona miejscem przyjaznym pracownikom, doktorantom, seminarzystom i studentom, umo\u017cliwiaj\u0105cym realizacj\u0119 ich aspiracji i otwartym na zmiany zachodz\u0105ce<br \/>w otoczeniu, w kt\u00f3rym funkcjonuje.<\/p>\t\t\t\t\t\t<\/div>\n\t\t\t\t<\/div>\n\t\t\t\t<div class=\"elementor-element elementor-element-14c8ff3 elementor-widget elementor-widget-text-editor\" data-id=\"14c8ff3\" data-element_type=\"widget\" data-widget_type=\"text-editor.default\">\n\t\t\t\t<div class=\"elementor-widget-container\">\n\t\t\t\t\t\t\t<blockquote><h5>Dzia\u0142alno\u015b\u0107 Katedry<\/h5><\/blockquote>\t\t\t\t\t\t<\/div>\n\t\t\t\t<\/div>\n\t\t\t\t<div class=\"elementor-element elementor-element-9c5a85f elementor-widget elementor-widget-text-editor\" data-id=\"9c5a85f\" data-element_type=\"widget\" data-widget_type=\"text-editor.default\">\n\t\t\t\t<div class=\"elementor-widget-container\">\n\t\t\t\t\t\t\t<p>Katedra Rachunkowo\u015bci Finansowej powsta\u0142a w roku 1996. Obecnie stanowi ona cz\u0119\u015b\u0107 Instytutu Finans\u00f3w nale\u017c\u0105cego do Kolegium Ekonomii, Finans\u00f3w i Prawa Uniwersytetu Ekonomicznego w Krakowie.<\/p><p>Zar\u00f3wno dzia\u0142alno\u015b\u0107 naukowa jej pracownik\u00f3w jak te\u017c prowadzone zaj\u0119cia dydaktyczne na licznych kierunkach studi\u00f3w stanowi\u0105 o jej pozycji na rynku naukowym nie tylko Krakowa, ale r\u00f3wnie\u017c ca\u0142ej Polski.<\/p><p>Badania naukowe Katedry Rachunkowo\u015bci Finansowej koncentruj\u0105 si\u0119 wok\u00f3\u0142 zagadnie\u0144 sprawozdawczo\u015bci, analizy i rewizji finansowej zar\u00f3wno w kontek\u015bcie rozwi\u0105za\u0144 polskich jak r\u00f3wnie\u017c \u015bwiatowych. S\u0105 one r\u00f3wnie\u017c uzupe\u0142niane o najnowsze rozwi\u0105zania w tym zakresie prezentowane przez uznane organizacje mi\u0119dzynarodowe, w gremiach kt\u00f3rych zasiadaj\u0105 cz\u0142onkowie Katedry, a tak\u017ce prezentuj\u0105 na ich forum swoje osi\u0105gni\u0119cia naukowe (International Association for Accounting Education and Research \u2013 IAAER, European Accounting Association \u2013 EAA, Integrated Reporting Academic Research Support Group). Nie bez znaczenia s\u0105 tak\u017ce role pe\u0142nione przez nich w Stowarzyszeniu Ksi\u0119gowych w Polsce czy te\u017c Krajowej Izbie Bieg\u0142ych Rewident\u00f3w.<\/p><p>Katedra Rachunkowo\u015bci Finansowej poszerza profil kszta\u0142cenia zgodnie z wymaganiami i trendami rynku pracy. Jej pracownicy prowadz\u0105 zaj\u0119cia (wyk\u0142ady, \u0107wiczenia, laboratoria komputerowe) w ramach studi\u00f3w stacjonarnych, niestacjonarnych, doktoranckich i podyplomowych \u2013 ACCA i CIMA. Nale\u017cy podkre\u015bli\u0107, \u017ce w swoich dzia\u0142aniach \u0142\u0105cz\u0105 oni kwestie nauki z jej praktyczn\u0105 egzemplifikacj\u0105 wynikaj\u0105c\u0105 z ich do\u015bwiadcze\u0144 zawodowych. Liczne grono zatrudnionych w Katedrze os\u00f3b jest bieg\u0142ymi rewidentami, doradcami podatkowymi i cz\u0142onkami rad nadzorczych kluczowych polskich firm.<\/p>\t\t\t\t\t\t<\/div>\n\t\t\t\t<\/div>\n\t\t\t\t\t<\/div>\n\t\t<\/div>\n\t\t\t\t\t<\/div>\n\t\t<\/section>\n\t\t\t\t<\/div>\n\t\t","protected":false},"excerpt":{"rendered":"<p>Katedra &nbsp;Rachunkowo\u015bci Finansowej Misja Katedry Misj\u0105 Katedry Rachunkowo\u015bci Finansowej jest tworzenie nauki oraz ukierunkowanie na jej nieustanny rozw\u00f3j w oparciu o najnowsze osi\u0105gni\u0119cia \u015bwiatowe, a tak\u017ce propagowanie wiedzy w\u015br\u00f3d szerokiej rzeszy student\u00f3w i kszta\u0142cenie kadr naukowych przy zachowaniu najwy\u017cszych standard\u00f3w edukacyjnych oraz etycznych i poszanowaniu dla tradycji. Katedra Rachunkowo\u015bci Finansowej skupia si\u0119 na nieustannym rozwoju swoich pracownik\u00f3w, aby mo\u017cliwa by\u0142a realizacja wszechstronnych bada\u0144 naukowych, wymiany my\u015bli oraz realizacji ich aspiracji w poszanowaniu r\u00f3\u017cnorodno\u015bci pogl\u0105d\u00f3w i oczekiwa\u0144. Tym samym Katedra realizuje swoj\u0105 misj\u0119 spo\u0142eczn\u0105 czerpi\u0105c z do\u015bwiadcze\u0144 przesz\u0142ych pokole\u0144 oraz wnosz\u0105c sw\u00f3j wk\u0142ad na rzecz nast\u0119pnych, kt\u00f3re b\u0119d\u0105 mog\u0142y korzysta\u0107 z efekt\u00f3w jej pracy. Jest to sp\u00f3jne z misj\u0105 Uniwersytetu Ekonomicznego w Krakowie: \u201eRerum cognoscere causas et valorem\u2026\u201d Wizja Katedry Katedra stanie si\u0119 nowoczesn\u0105 jednostk\u0105 organizacyjn\u0105 Uniwersytetu Ekonomicznego w Krakowie, edukacyjno-badawcz\u0105, opiniotw\u00f3rcz\u0105 i doradcz\u0105, dzia\u0142aj\u0105c\u0105 aktywnie na forum naukowym, dydaktycznym i praktycznym, w sferze lokalnej, og\u00f3lnopolskiej i mi\u0119dzynarodowej. B\u0119dzie ona miejscem przyjaznym pracownikom, doktorantom, seminarzystom i studentom, umo\u017cliwiaj\u0105cym realizacj\u0119 ich aspiracji i otwartym na zmiany zachodz\u0105cew otoczeniu, w kt\u00f3rym funkcjonuje. Dzia\u0142alno\u015b\u0107 Katedry Katedra Rachunkowo\u015bci Finansowej powsta\u0142a w roku 1996. Obecnie stanowi ona cz\u0119\u015b\u0107 Instytutu Finans\u00f3w nale\u017c\u0105cego do Kolegium Ekonomii, Finans\u00f3w i Prawa Uniwersytetu Ekonomicznego w Krakowie. Zar\u00f3wno dzia\u0142alno\u015b\u0107 naukowa jej pracownik\u00f3w jak te\u017c prowadzone zaj\u0119cia dydaktyczne na licznych kierunkach studi\u00f3w stanowi\u0105 o jej pozycji na rynku naukowym nie tylko Krakowa, ale r\u00f3wnie\u017c ca\u0142ej Polski. Badania naukowe Katedry Rachunkowo\u015bci Finansowej koncentruj\u0105 si\u0119 wok\u00f3\u0142 zagadnie\u0144 sprawozdawczo\u015bci, analizy i rewizji finansowej zar\u00f3wno w kontek\u015bcie rozwi\u0105za\u0144 polskich jak r\u00f3wnie\u017c \u015bwiatowych. S\u0105 one r\u00f3wnie\u017c uzupe\u0142niane o najnowsze rozwi\u0105zania w tym zakresie prezentowane przez uznane organizacje mi\u0119dzynarodowe, w gremiach kt\u00f3rych zasiadaj\u0105 cz\u0142onkowie Katedry, a tak\u017ce prezentuj\u0105 na ich forum swoje osi\u0105gni\u0119cia naukowe (International Association for Accounting Education and Research \u2013 IAAER, European Accounting Association \u2013 EAA, Integrated Reporting Academic Research Support Group). Nie bez znaczenia s\u0105 tak\u017ce role pe\u0142nione przez nich w Stowarzyszeniu Ksi\u0119gowych w Polsce czy te\u017c Krajowej Izbie Bieg\u0142ych Rewident\u00f3w. Katedra Rachunkowo\u015bci Finansowej poszerza profil kszta\u0142cenia zgodnie z wymaganiami i trendami rynku pracy. Jej pracownicy prowadz\u0105 zaj\u0119cia (wyk\u0142ady, \u0107wiczenia, laboratoria komputerowe) w ramach studi\u00f3w stacjonarnych, niestacjonarnych, doktoranckich i podyplomowych \u2013 ACCA i CIMA. Nale\u017cy podkre\u015bli\u0107, \u017ce w swoich dzia\u0142aniach \u0142\u0105cz\u0105 oni kwestie nauki z jej praktyczn\u0105 egzemplifikacj\u0105 wynikaj\u0105c\u0105 z ich do\u015bwiadcze\u0144 zawodowych. Liczne grono zatrudnionych w Katedrze os\u00f3b jest bieg\u0142ymi rewidentami, doradcami podatkowymi i cz\u0142onkami rad nadzorczych kluczowych polskich firm.<\/p>\n","protected":false},"author":1,"featured_media":0,"parent":0,"menu_order":0,"comment_status":"closed","ping_status":"closed","template":"elementor_header_footer","meta":{"footnotes":""},"class_list":["post-88","page","type-page","status-publish","hentry"],"_links":{"self":[{"href":"https:\/\/if2.uek.krakow.pl\/krachf\/wp-json\/wp\/v2\/pages\/88","targetHints":{"allow":["GET"]}}],"collection":[{"href":"https:\/\/if2.uek.krakow.pl\/krachf\/wp-json\/wp\/v2\/pages"}],"about":[{"href":"https:\/\/if2.uek.krakow.pl\/krachf\/wp-json\/wp\/v2\/types\/page"}],"author":[{"embeddable":true,"href":"https:\/\/if2.uek.krakow.pl\/krachf\/wp-json\/wp\/v2\/users\/1"}],"replies":[{"embeddable":true,"href":"https:\/\/if2.uek.krakow.pl\/krachf\/wp-json\/wp\/v2\/comments?post=88"}],"version-history":[{"count":21,"href":"https:\/\/if2.uek.krakow.pl\/krachf\/wp-json\/wp\/v2\/pages\/88\/revisions"}],"predecessor-version":[{"id":1831,"href":"https:\/\/if2.uek.krakow.pl\/krachf\/wp-json\/wp\/v2\/pages\/88\/revisions\/1831"}],"wp:attachment":[{"href":"https:\/\/if2.uek.krakow.pl\/krachf\/wp-json\/wp\/v2\/media?parent=88"}],"curies":[{"name":"wp","href":"https:\/\/api.w.org\/{rel}","templated":true}]}}