{"id":88,"date":"2023-02-19T00:19:19","date_gmt":"2023-02-18T23:19:19","guid":{"rendered":"https:\/\/ie.uek.krakow.pl\/ke\/?page_id=88"},"modified":"2025-05-22T14:41:26","modified_gmt":"2025-05-22T12:41:26","slug":"o-katedrze","status":"publish","type":"page","link":"https:\/\/if2.uek.krakow.pl\/kfpf\/o-katedrze\/","title":{"rendered":"O Katedrze"},"content":{"rendered":"\t\t<div data-elementor-type=\"wp-page\" data-elementor-id=\"88\" class=\"elementor elementor-88\" data-elementor-post-type=\"page\">\n\t\t\t\t\t\t<section data-particle_enable=\"false\" data-particle-mobile-disabled=\"false\" class=\"elementor-section elementor-top-section elementor-element elementor-element-4ca67fb elementor-section-boxed elementor-section-height-default elementor-section-height-default\" data-id=\"4ca67fb\" data-element_type=\"section\" data-settings=\"{&quot;jet_parallax_layout_list&quot;:[]}\">\n\t\t\t\t\t\t<div class=\"elementor-container elementor-column-gap-default\">\n\t\t\t\t\t<div class=\"elementor-column elementor-col-100 elementor-top-column elementor-element elementor-element-22e0d310\" data-id=\"22e0d310\" data-element_type=\"column\">\n\t\t\t<div class=\"elementor-widget-wrap elementor-element-populated\">\n\t\t\t\t\t\t<div class=\"elementor-element elementor-element-27706e0c elementor-widget-divider--view-line elementor-invisible elementor-widget elementor-widget-divider\" data-id=\"27706e0c\" data-element_type=\"widget\" data-settings=\"{&quot;_animation&quot;:&quot;fadeInLeft&quot;}\" data-widget_type=\"divider.default\">\n\t\t\t\t<div class=\"elementor-widget-container\">\n\t\t\t\t\t<div class=\"elementor-divider\">\n\t\t\t<span class=\"elementor-divider-separator\">\n\t\t\t\t\t\t<\/span>\n\t\t<\/div>\n\t\t\t\t<\/div>\n\t\t\t\t<\/div>\n\t\t\t\t<div class=\"elementor-element elementor-element-7c047738 elementor-widget elementor-widget-jet-headline\" data-id=\"7c047738\" data-element_type=\"widget\" data-widget_type=\"jet-headline.default\">\n\t\t\t\t<div class=\"elementor-widget-container\">\n\t\t\t<h2 class=\"jet-headline jet-headline--direction-horizontal\"><span class=\"jet-headline__part jet-headline__first\"><span class=\"jet-headline__label\">KATEDRA FINANS\u00d3W I POLITYKI FINANSOWEJ<\/span><\/span><span class=\"jet-headline__space\">&nbsp;<\/span><\/h2>\t\t<\/div>\n\t\t\t\t<\/div>\n\t\t\t\t<div class=\"elementor-element elementor-element-c078210 elementor-widget elementor-widget-text-editor\" data-id=\"c078210\" data-element_type=\"widget\" data-widget_type=\"text-editor.default\">\n\t\t\t\t<div class=\"elementor-widget-container\">\n\t\t\t\t\t\t\t<p><img fetchpriority=\"high\" decoding=\"async\" class=\"aligncenter wp-image-1239 size-full\" src=\"https:\/\/if.uek.krakow.pl\/kfpf\/wp-content\/uploads\/sites\/3\/2023\/03\/DSC_2299-scaled.jpg\" alt=\"\" width=\"2560\" height=\"1707\" srcset=\"https:\/\/if2.uek.krakow.pl\/kfpf\/wp-content\/uploads\/sites\/3\/2023\/03\/DSC_2299-scaled.jpg 2560w, https:\/\/if2.uek.krakow.pl\/kfpf\/wp-content\/uploads\/sites\/3\/2023\/03\/DSC_2299-300x200.jpg 300w, https:\/\/if2.uek.krakow.pl\/kfpf\/wp-content\/uploads\/sites\/3\/2023\/03\/DSC_2299-1024x683.jpg 1024w, https:\/\/if2.uek.krakow.pl\/kfpf\/wp-content\/uploads\/sites\/3\/2023\/03\/DSC_2299-768x512.jpg 768w, https:\/\/if2.uek.krakow.pl\/kfpf\/wp-content\/uploads\/sites\/3\/2023\/03\/DSC_2299-1536x1024.jpg 1536w, https:\/\/if2.uek.krakow.pl\/kfpf\/wp-content\/uploads\/sites\/3\/2023\/03\/DSC_2299-2048x1365.jpg 2048w, https:\/\/if2.uek.krakow.pl\/kfpf\/wp-content\/uploads\/sites\/3\/2023\/03\/DSC_2299-1140x760.jpg 1140w\" sizes=\"(max-width: 2560px) 100vw, 2560px\" \/><\/p>\t\t\t\t\t\t<\/div>\n\t\t\t\t<\/div>\n\t\t\t\t<div class=\"elementor-element elementor-element-64fa2182 elementor-widget elementor-widget-text-editor\" data-id=\"64fa2182\" data-element_type=\"widget\" data-widget_type=\"text-editor.default\">\n\t\t\t\t<div class=\"elementor-widget-container\">\n\t\t\t\t\t\t\t<h3><strong style=\"font-style: normal\">Katedra Finans\u00f3w i Polityki Finansowej<\/strong><\/h3><div><p><strong style=\"font-style: normal\">Kierownik Katedry: dr hab. Anna Mo\u017adzierz, prof. UEK<\/strong><\/p><p><span style=\"font-style: normal\">Sekretariat Katedry: mgr Katarzyna Michalska paw. F\u00a0 pok. 707, tel.: (0-12) 293 53 69<\/span><\/p><p><span style=\"font-style: normal\"><strong>Katedra Finans\u00f3w i Polityki Finansowej<\/strong> powsta\u0142a w wyniku przekszta\u0142cenia Katedry Finans\u00f3w w roku akademickim 2019\/2020. Od 1 pa\u017adziernika 2020 r. kierownikiem Katedry jest<strong> dr hab. Anna Mo\u017adzierz, prof. UEK. <\/strong>Badania naukowe prowadzone przez Pracownik\u00f3w Katedry dotycz\u0105 zjawisk i proces\u00f3w zachodz\u0105cych w obszarze polityki fiskalnej, polityki monetarnej, jak i w sektorze finansowym. Pracownicy Katedry zajmuj\u0105 si\u0119 prowadzeniem bada\u0144 nad instytucjonalnymi aspektami funkcjonowania system\u00f3w finansowych. Szczeg\u00f3lnym celem bada\u0144 jest identyfikacja, analiza i krytyczna ocena zmian instytucjonalnych w systemie finansowym w Polsce.<\/span><\/p><p><span style=\"font-style: normal\">Zagadnienia, kt\u00f3re <span style=\"color: #000000\">poruszane<\/span> s\u0105 w pracy naukowej to m. in.:<\/span><\/p><ul><li><span style=\"font-style: normal\">Ewolucja system\u00f3w regulacyjnych w sektorze finansowym<\/span><\/li><li><span style=\"font-style: normal\">Ocena skutk\u00f3w decentralizacji finans\u00f3w publicznych w Polsce<\/span><\/li><li><span style=\"font-style: normal\">Funkcjonowanie bud\u017cetu Unii Europejskiej<\/span><\/li><li><span style=\"font-style: normal\">Konsolidacja fiskalna w krajach Unii Europejskiej<\/span><\/li><li><span style=\"font-style: normal\">System pomocy publicznej dla przedsi\u0119biorstw Unii Europejskiej<\/span><\/li><li><span style=\"font-style: normal\">Bankowo\u015b\u0107 sp\u00f3\u0142dzielcza w Polsce i w krajach europejskich traktowana jako integralny element system\u00f3w finansowych<\/span><\/li><li><span style=\"font-style: normal\">Zarz\u0105dzanie ryzykiem w instytucjach finansowych<\/span><\/li><li><span style=\"font-style: normal\">Konsolidacja na rynku finansowym<\/span><\/li><li><span style=\"font-style: normal\">Efektywno\u015b\u0107 i konkurencyjno\u015b\u0107 w sektorach bankowych kraj\u00f3w Europy \u015arodkowo-Wschodniej<\/span><\/li><li><span style=\"font-style: normal\">Relacje mi\u0119dzy bankowo\u015bci\u0105 (w tym bankowo\u015bci\u0105 hipoteczn\u0105) a rynkiem kapita\u0142owym<\/span><\/li><li><span style=\"font-style: normal\">Instytucje i instrumenty finansowania inwestycji w nieruchomo\u015bci<\/span><\/li><\/ul><h4><strong style=\"font-style: normal\"><br \/>Historycznie\u2026<\/strong><\/h4><\/div><div><p><span style=\"color: #000000;font-style: normal\">Nauki finansowe by\u0142y reprezentowane w Uczelni od chwili jej powstania, tj. od 1925 roku, chocia\u017c nie posiada\u0142y w\u00f3wczas w\u0142asnej kom\u00f3rki organizacyjnej. Dopiero w 1947 roku pod nazw\u0105\u00a0<strong>Zak\u0142ad Skarbowo\u015bci<\/strong>\u00a0powsta\u0142a pierwsza jednostka organizacyjna, kt\u00f3rej kierownikiem zosta\u0142\u00a0<strong>prof. dr hab. Stefan Bolland<\/strong>. W 1949 roku powsta\u0142y dwa kolejne\u00a0<strong>Zak\u0142ady \u2013 Bankowo\u015b\u0107 I oraz Bankowo\u015b\u0107 II<\/strong>. Wszystkie trzy Zak\u0142ady z chwil\u0105 przekszta\u0142cenia Akademii Handlowej w Wy\u017csz\u0105 Szko\u0142\u0119 Ekonomiczn\u0105 w 1950 roku zostaj\u0105 przekszta\u0142cone w\u00a0<strong>Katedr\u0119 Finans\u00f3w i Kredytu<\/strong>, przemianowan\u0105 w 1958 roku w\u00a0<strong>Katedr\u0119 Finans\u00f3w<\/strong>. Kierownikiem Katedry zosta\u0142 w 1950 roku\u00a0<strong>prof. dr hab. Feliks M\u0142ynarski<\/strong>, a w latach 1951 \u2013 1969\u00a0<strong>prof. dr hab. Stefan Bolland<\/strong>. W 1968 roku\u00a0<strong>Katedra Finans\u00f3w<\/strong>\u00a0przekszta\u0142ca si\u0119 w\u00a0<strong>Instytut Finans\u00f3w<\/strong>. Funkcj\u0119 dyrektora do 1972 roku pe\u0142ni\u00a0<strong>prof. dr hab. Stefan Bolland<\/strong>, a w latach 1972-1989\u00a0<strong>prof. dr hab. Roman Domaszewicz<\/strong>. Od 1989, a wi\u0119c od momentu przej\u015bcia prof. dr hab. Romana Domaszewicza na emerytur\u0119 do 1992 roku, tj. do chwili zlikwidowania Instytutu Finans\u00f3w dyrektorem jest\u00a0<strong>prof. dr hab. Franciszek Skalniak<\/strong>. Od 1993 roku kierownikiem\u00a0<strong>Katedry Finans\u00f3w<\/strong>\u00a0na Akademii Ekonomicznej, a od roku akademickiego 2007\/2008 w Uniwersytecie Ekonomicznym w Krakowie jest\u00a0<strong>prof. dr hab. Stanis\u0142aw Owsiak<\/strong>. W 2016 roku na stanowisko kierownika Katedry Finans\u00f3w na Wydziale Finans\u00f3w i Prawa UEK zostaje powo\u0142ana\u00a0<strong>prof. dr hab. Maria Kosek-Wojnar<\/strong>. W roku akademickim 2019\/2020 zmieniona zosta\u0142a nazwa\u00a0<strong>Katedry Finans\u00f3w<\/strong>\u00a0na\u00a0<strong>Katedr\u0119 Finans\u00f3w i Polityki Finansowej<\/strong>. W zwi\u0105zku ze zmianami struktury organizacyjnej Uniwersytetu Ekonomicznego zosta\u0142y zniesione funkcjonuj\u0105ce w strukturze Katedry dwa Zak\u0142ady: <strong>Zak\u0142ad Polityki Finansowej\u00a0<\/strong>oraz\u00a0<strong>Zak\u0142ad Instytucji Finansowych<\/strong>. Od 1 pa\u017adziernika 2020 r. kierownikiem Katedry Finans\u00f3w i Polityki Finansowej jest\u00a0<strong>prof. UEK dr hab. Anna Mo\u017adzierz.<\/strong><\/span><\/p><\/div>\t\t\t\t\t\t<\/div>\n\t\t\t\t<\/div>\n\t\t\t\t\t<\/div>\n\t\t<\/div>\n\t\t\t\t\t<\/div>\n\t\t<\/section>\n\t\t\t\t<section data-particle_enable=\"false\" data-particle-mobile-disabled=\"false\" class=\"elementor-section elementor-top-section elementor-element elementor-element-79c11d4 elementor-section-boxed elementor-section-height-default elementor-section-height-default\" data-id=\"79c11d4\" data-element_type=\"section\" data-settings=\"{&quot;jet_parallax_layout_list&quot;:[]}\">\n\t\t\t\t\t\t<div class=\"elementor-container elementor-column-gap-default\">\n\t\t\t\t\t<div class=\"elementor-column elementor-col-100 elementor-top-column elementor-element elementor-element-08bc2d2\" data-id=\"08bc2d2\" data-element_type=\"column\">\n\t\t\t<div class=\"elementor-widget-wrap elementor-element-populated\">\n\t\t\t\t\t\t<div class=\"elementor-element elementor-element-7c7342c elementor-widget elementor-widget-image\" data-id=\"7c7342c\" data-element_type=\"widget\" data-widget_type=\"image.default\">\n\t\t\t\t<div class=\"elementor-widget-container\">\n\t\t\t\t\t\t\t\t\t\t\t\t\t<img decoding=\"async\" src=\"https:\/\/ie.uek.krakow.pl\/ke\/wp-content\/uploads\/sites\/3\/2023\/02\/placeholder-1.png\" title=\"\" alt=\"\" loading=\"lazy\" \/>\t\t\t\t\t\t\t\t\t\t\t\t\t<\/div>\n\t\t\t\t<\/div>\n\t\t\t\t\t<\/div>\n\t\t<\/div>\n\t\t\t\t\t<\/div>\n\t\t<\/section>\n\t\t\t\t<section data-particle_enable=\"false\" data-particle-mobile-disabled=\"false\" class=\"elementor-section elementor-top-section elementor-element elementor-element-8ccb39d elementor-section-boxed elementor-section-height-default elementor-section-height-default\" data-id=\"8ccb39d\" data-element_type=\"section\" data-settings=\"{&quot;jet_parallax_layout_list&quot;:[]}\">\n\t\t\t\t\t\t<div class=\"elementor-container elementor-column-gap-default\">\n\t\t\t\t\t<div class=\"elementor-column elementor-col-50 elementor-top-column elementor-element elementor-element-c0f9ff7\" data-id=\"c0f9ff7\" data-element_type=\"column\">\n\t\t\t<div class=\"elementor-widget-wrap\">\n\t\t\t\t\t\t\t<\/div>\n\t\t<\/div>\n\t\t\t\t<div class=\"elementor-column elementor-col-50 elementor-top-column elementor-element elementor-element-e14d092\" data-id=\"e14d092\" data-element_type=\"column\">\n\t\t\t<div class=\"elementor-widget-wrap\">\n\t\t\t\t\t\t\t<\/div>\n\t\t<\/div>\n\t\t\t\t\t<\/div>\n\t\t<\/section>\n\t\t\t\t<\/div>\n\t\t","protected":false},"excerpt":{"rendered":"<p>KATEDRA FINANS\u00d3W I POLITYKI FINANSOWEJ&nbsp; Katedra Finans\u00f3w i Polityki Finansowej Kierownik Katedry: dr hab. Anna Mo\u017adzierz, prof. UEK Sekretariat Katedry: mgr Katarzyna Michalska paw. F\u00a0 pok. 707, tel.: (0-12) 293 53 69 Katedra Finans\u00f3w i Polityki Finansowej powsta\u0142a w wyniku przekszta\u0142cenia Katedry Finans\u00f3w w roku akademickim 2019\/2020. Od 1 pa\u017adziernika 2020 r. kierownikiem Katedry jest dr hab. Anna Mo\u017adzierz, prof. UEK. Badania naukowe prowadzone przez Pracownik\u00f3w Katedry dotycz\u0105 zjawisk i proces\u00f3w zachodz\u0105cych w obszarze polityki fiskalnej, polityki monetarnej, jak i w sektorze finansowym. Pracownicy Katedry zajmuj\u0105 si\u0119 prowadzeniem bada\u0144 nad instytucjonalnymi aspektami funkcjonowania system\u00f3w finansowych. Szczeg\u00f3lnym celem bada\u0144 jest identyfikacja, analiza i krytyczna ocena zmian instytucjonalnych w systemie finansowym w Polsce. Zagadnienia, kt\u00f3re poruszane s\u0105 w pracy naukowej to m. in.: Ewolucja system\u00f3w regulacyjnych w sektorze finansowym Ocena skutk\u00f3w decentralizacji finans\u00f3w publicznych w Polsce Funkcjonowanie bud\u017cetu Unii Europejskiej Konsolidacja fiskalna w krajach Unii Europejskiej System pomocy publicznej dla przedsi\u0119biorstw Unii Europejskiej Bankowo\u015b\u0107 sp\u00f3\u0142dzielcza w Polsce i w krajach europejskich traktowana jako integralny element system\u00f3w finansowych Zarz\u0105dzanie ryzykiem w instytucjach finansowych Konsolidacja na rynku finansowym Efektywno\u015b\u0107 i konkurencyjno\u015b\u0107 w sektorach bankowych kraj\u00f3w Europy \u015arodkowo-Wschodniej Relacje mi\u0119dzy bankowo\u015bci\u0105 (w tym bankowo\u015bci\u0105 hipoteczn\u0105) a rynkiem kapita\u0142owym Instytucje i instrumenty finansowania inwestycji w nieruchomo\u015bci Historycznie\u2026 Nauki finansowe by\u0142y reprezentowane w Uczelni od chwili jej powstania, tj. od 1925 roku, chocia\u017c nie posiada\u0142y w\u00f3wczas w\u0142asnej kom\u00f3rki organizacyjnej. Dopiero w 1947 roku pod nazw\u0105\u00a0Zak\u0142ad Skarbowo\u015bci\u00a0powsta\u0142a pierwsza jednostka organizacyjna, kt\u00f3rej kierownikiem zosta\u0142\u00a0prof. dr hab. Stefan Bolland. W 1949 roku powsta\u0142y dwa kolejne\u00a0Zak\u0142ady \u2013 Bankowo\u015b\u0107 I oraz Bankowo\u015b\u0107 II. Wszystkie trzy Zak\u0142ady z chwil\u0105 przekszta\u0142cenia Akademii Handlowej w Wy\u017csz\u0105 Szko\u0142\u0119 Ekonomiczn\u0105 w 1950 roku zostaj\u0105 przekszta\u0142cone w\u00a0Katedr\u0119 Finans\u00f3w i Kredytu, przemianowan\u0105 w 1958 roku w\u00a0Katedr\u0119 Finans\u00f3w. Kierownikiem Katedry zosta\u0142 w 1950 roku\u00a0prof. dr hab. Feliks M\u0142ynarski, a w latach 1951 \u2013 1969\u00a0prof. dr hab. Stefan Bolland. W 1968 roku\u00a0Katedra Finans\u00f3w\u00a0przekszta\u0142ca si\u0119 w\u00a0Instytut Finans\u00f3w. Funkcj\u0119 dyrektora do 1972 roku pe\u0142ni\u00a0prof. dr hab. Stefan Bolland, a w latach 1972-1989\u00a0prof. dr hab. Roman Domaszewicz. Od 1989, a wi\u0119c od momentu przej\u015bcia prof. dr hab. Romana Domaszewicza na emerytur\u0119 do 1992 roku, tj. do chwili zlikwidowania Instytutu Finans\u00f3w dyrektorem jest\u00a0prof. dr hab. Franciszek Skalniak. Od 1993 roku kierownikiem\u00a0Katedry Finans\u00f3w\u00a0na Akademii Ekonomicznej, a od roku akademickiego 2007\/2008 w Uniwersytecie Ekonomicznym w Krakowie jest\u00a0prof. dr hab. Stanis\u0142aw Owsiak. W 2016 roku na stanowisko kierownika Katedry Finans\u00f3w na Wydziale Finans\u00f3w i Prawa UEK zostaje powo\u0142ana\u00a0prof. dr hab. Maria Kosek-Wojnar. W roku akademickim 2019\/2020 zmieniona zosta\u0142a nazwa\u00a0Katedry Finans\u00f3w\u00a0na\u00a0Katedr\u0119 Finans\u00f3w i Polityki Finansowej. W zwi\u0105zku ze zmianami struktury organizacyjnej Uniwersytetu Ekonomicznego zosta\u0142y zniesione funkcjonuj\u0105ce w strukturze Katedry dwa Zak\u0142ady: Zak\u0142ad Polityki Finansowej\u00a0oraz\u00a0Zak\u0142ad Instytucji Finansowych. Od 1 pa\u017adziernika 2020 r. kierownikiem Katedry Finans\u00f3w i Polityki Finansowej jest\u00a0prof. UEK dr hab. Anna Mo\u017adzierz.<\/p>\n","protected":false},"author":1,"featured_media":0,"parent":0,"menu_order":0,"comment_status":"closed","ping_status":"closed","template":"elementor_header_footer","meta":{"footnotes":""},"class_list":["post-88","page","type-page","status-publish","hentry"],"_links":{"self":[{"href":"https:\/\/if2.uek.krakow.pl\/kfpf\/wp-json\/wp\/v2\/pages\/88","targetHints":{"allow":["GET"]}}],"collection":[{"href":"https:\/\/if2.uek.krakow.pl\/kfpf\/wp-json\/wp\/v2\/pages"}],"about":[{"href":"https:\/\/if2.uek.krakow.pl\/kfpf\/wp-json\/wp\/v2\/types\/page"}],"author":[{"embeddable":true,"href":"https:\/\/if2.uek.krakow.pl\/kfpf\/wp-json\/wp\/v2\/users\/1"}],"replies":[{"embeddable":true,"href":"https:\/\/if2.uek.krakow.pl\/kfpf\/wp-json\/wp\/v2\/comments?post=88"}],"version-history":[{"count":36,"href":"https:\/\/if2.uek.krakow.pl\/kfpf\/wp-json\/wp\/v2\/pages\/88\/revisions"}],"predecessor-version":[{"id":3242,"href":"https:\/\/if2.uek.krakow.pl\/kfpf\/wp-json\/wp\/v2\/pages\/88\/revisions\/3242"}],"wp:attachment":[{"href":"https:\/\/if2.uek.krakow.pl\/kfpf\/wp-json\/wp\/v2\/media?parent=88"}],"curies":[{"name":"wp","href":"https:\/\/api.w.org\/{rel}","templated":true}]}}