{"id":1623,"date":"2023-04-03T12:00:23","date_gmt":"2023-04-03T10:00:23","guid":{"rendered":"https:\/\/if.uek.krakow.pl\/kfpf\/?page_id=1623"},"modified":"2024-09-23T14:42:16","modified_gmt":"2024-09-23T12:42:16","slug":"specjalnosc-administracja-skarbowa-studia-ii-stopnia","status":"publish","type":"page","link":"https:\/\/if2.uek.krakow.pl\/kfpf\/studenci\/specjalnosc-administracja-skarbowa-studia-ii-stopnia\/","title":{"rendered":"SPECJALNO\u015a\u0106 \u2013 ADMINISTRACJA SKARBOWA (studia II stopnia)"},"content":{"rendered":"\t\t<div data-elementor-type=\"wp-page\" data-elementor-id=\"1623\" class=\"elementor elementor-1623\" data-elementor-post-type=\"page\">\n\t\t\t\t\t\t<section data-particle_enable=\"false\" data-particle-mobile-disabled=\"false\" class=\"elementor-section elementor-top-section elementor-element elementor-element-4ca67fb elementor-section-boxed elementor-section-height-default elementor-section-height-default\" data-id=\"4ca67fb\" data-element_type=\"section\" data-settings=\"{&quot;jet_parallax_layout_list&quot;:[]}\">\n\t\t\t\t\t\t<div class=\"elementor-container elementor-column-gap-default\">\n\t\t\t\t\t<div class=\"elementor-column elementor-col-100 elementor-top-column elementor-element elementor-element-22e0d310\" data-id=\"22e0d310\" data-element_type=\"column\">\n\t\t\t<div class=\"elementor-widget-wrap elementor-element-populated\">\n\t\t\t\t\t\t<div class=\"elementor-element elementor-element-7c047738 elementor-widget elementor-widget-jet-headline\" data-id=\"7c047738\" data-element_type=\"widget\" data-widget_type=\"jet-headline.default\">\n\t\t\t\t<div class=\"elementor-widget-container\">\n\t\t\t<h2 class=\"jet-headline jet-headline--direction-horizontal\"><span class=\"jet-headline__part jet-headline__first\"><span class=\"jet-headline__label\">Specjalno\u015b\u0107<\/span><\/span><span class=\"jet-headline__space\">&nbsp;<\/span><\/h2>\t\t<\/div>\n\t\t\t\t<\/div>\n\t\t\t\t<div class=\"elementor-element elementor-element-27706e0c elementor-widget-divider--view-line elementor-invisible elementor-widget elementor-widget-divider\" data-id=\"27706e0c\" data-element_type=\"widget\" data-settings=\"{&quot;_animation&quot;:&quot;fadeInLeft&quot;}\" data-widget_type=\"divider.default\">\n\t\t\t\t<div class=\"elementor-widget-container\">\n\t\t\t\t\t<div class=\"elementor-divider\">\n\t\t\t<span class=\"elementor-divider-separator\">\n\t\t\t\t\t\t<\/span>\n\t\t<\/div>\n\t\t\t\t<\/div>\n\t\t\t\t<\/div>\n\t\t\t\t<div class=\"elementor-element elementor-element-64fa2182 elementor-widget elementor-widget-text-editor\" data-id=\"64fa2182\" data-element_type=\"widget\" data-widget_type=\"text-editor.default\">\n\t\t\t\t<div class=\"elementor-widget-container\">\n\t\t\t\t\t\t\t<blockquote><h2 id=\"homesub\">ADMINISTRACJA SKARBOWA<\/h2><h4><strong>specjalno\u015b\u0107 realizowana na kierunku Finanse i rachunkowo\u015b\u0107 (studia II stopnia)<\/strong><\/h4><\/blockquote>\t\t\t\t\t\t<\/div>\n\t\t\t\t<\/div>\n\t\t\t\t\t<\/div>\n\t\t<\/div>\n\t\t\t\t\t<\/div>\n\t\t<\/section>\n\t\t\t\t<section data-particle_enable=\"false\" data-particle-mobile-disabled=\"false\" class=\"elementor-section elementor-top-section elementor-element elementor-element-18637a6 elementor-section-boxed elementor-section-height-default elementor-section-height-default\" data-id=\"18637a6\" data-element_type=\"section\" data-settings=\"{&quot;jet_parallax_layout_list&quot;:[]}\">\n\t\t\t\t\t\t<div class=\"elementor-container elementor-column-gap-default\">\n\t\t\t\t\t<div class=\"elementor-column elementor-col-100 elementor-top-column elementor-element elementor-element-a9a2d6d\" data-id=\"a9a2d6d\" data-element_type=\"column\">\n\t\t\t<div class=\"elementor-widget-wrap elementor-element-populated\">\n\t\t\t\t\t\t<div class=\"elementor-element elementor-element-4bee21a elementor-widget elementor-widget-text-editor\" data-id=\"4bee21a\" data-element_type=\"widget\" data-widget_type=\"text-editor.default\">\n\t\t\t\t<div class=\"elementor-widget-container\">\n\t\t\t\t\t\t\t<h4>\u00a0<\/h4><p><strong>CHARAKTERYSTYKA SPECJALNO\u015aCI:<\/strong><\/p><p><strong><em>Administracja skarbowa<\/em><\/strong>\u00a0to\u00a0<strong>pierwsza w Polsce, unikatowa specjalno\u015b\u0107<\/strong>, powsta\u0142a we wsp\u00f3\u0142pracy\u00a0<strong>Uniwersytetu Ekonomicznego w Krakowie z Krajow\u0105 Szko\u0142\u0105 Skarbowo\u015bci oraz Izb\u0105 Administracji Skarbowej w Krakowie<\/strong>.<\/p><p>Celem specjalno\u015bci jest przekazanie kompleksowej, specjalistycznej wiedzy teoretycznej oraz zapewnienie praktycznych umiej\u0119tno\u015bci Studentom zainteresowanym prac\u0105 w administracji publicznej, a w szczeg\u00f3lno\u015bci w\u00a0strukturach administracji skarbowej.<\/p><p><strong>Dzi\u0119ki zaj\u0119ciom prowadzonym zar\u00f3wno przez pracownik\u00f3w Uniwersytetu, jak i praktyk\u00f3w zatrudnionych w\u00a0Ma\u0142opolskim Urz\u0119dzie Celno-Skarbowym oraz Izbie Administracji Skarbowej w Krakowie<\/strong>, studia na specjalno\u015bci\u00a0<em>Administracja skarbowa\u00a0<\/em>pozwalaj\u0105 weryfikowa\u0107 nabyt\u0105 wiedz\u0119 z do\u015bwiadczeniem pracy w urz\u0119dzie. Dodatkowo,\u00a0<strong>ka\u017cdy Student ma zagwarantowane praktyki i sta\u017ce w jednostkach organizacyjnych KAS<\/strong>, co podnosi presti\u017c i potwierdza wyj\u0105tkowo\u015b\u0107 naszej specjalno\u015bci.<\/p><p>\u00a0<\/p><p><strong>PROGRAM SPECJALNO\u015aCI:<\/strong><\/p><p>Jako Student specjalno\u015bci\u00a0<strong><em>Administracja skarbowa<\/em><\/strong>, poznasz dzia\u0142alno\u015b\u0107 instytucji publicznych \u201eod wewn\u0105trz\u201d. Nab\u0119dziesz fundamentaln\u0105 wiedz\u0119 z zakresu ekonomiki sektora publicznego, podstaw sprawozdawczo\u015bci finansowej, a\u00a0tak\u017ce poznasz teori\u0119 oraz praktyk\u0119 polityki fiskalnej i pieni\u0119\u017cnej. Nauczysz si\u0119 prawid\u0142owo interpretowa\u0107 i wyja\u015bnia\u0107 zjawiska ekonomiczne i prawne. Zrozumiesz zagadnienia dotycz\u0105ce polskiego systemu podatkowego oraz relacje zachodz\u0105ce mi\u0119dzy krajowym, mi\u0119dzynarodowym oraz wsp\u00f3lnotowym prawem podatkowym. Zg\u0142\u0119bisz zdobyt\u0105 wiedz\u0119 przy rozstrzyganiu konkretnych problem\u00f3w z zakresu prawa podatkowego. Nauczysz si\u0119 korzysta\u0107 z narz\u0119dzi informatycznych wykorzystywanych w administracji skarbowej.\u00a0<strong>Przygotujesz si\u0119\u00a0<\/strong>do samodzielnej\u00a0<strong>pracy<\/strong>\u00a0oraz pracy w\u00a0zespole\u00a0<strong>w\u00a0jednostkach zajmuj\u0105cych si\u0119 finansami publicznymi oraz w sektorze prywatnym<\/strong>. Dodatkowo, dob\u00f3r przedmiot\u00f3w kierunkowych umo\u017cliwi Ci zaznajomienie si\u0119 z\u00a0takimi zagadnieniami jak rachunkowo\u015b\u0107, zarz\u0105dzanie instytucjami kredytowymi czy zarz\u0105dzanie portfelem inwestycyjnym.<\/p><p>\u00a0<\/p><p><strong>PERSPEKTYWY ZAWODOWE:<\/strong><\/p><p>Jako Absolwent specjalno\u015bci\u00a0<strong><em>Administracja skarbowa\u00a0<\/em><\/strong>jeste\u015b przygotowany do pracy:<\/p><ul><li><p>w jednostkach organizacyjnych Krajowej Administracji Skarbowej (np. w izbach administracji skarbowej, urz\u0119dach skarbowych, urz\u0119dach celno-skarbowych),<\/p><\/li><li><p>w Ministerstwie Finans\u00f3w, Najwy\u017cszej Izbie Kontroli, Komisji Nadzoru Finansowego,<\/p><\/li><li><p>jako specjalista ds. podatk\u00f3w \u2013 zajmuj\u0105cy si\u0119 sprawami podatkowymi w kancelarii podatkowej, w dziale finansowym w przedsi\u0119biorstwie,<\/p><\/li><li><p>w przedsi\u0119biorstwach w zespo\u0142ach rozliczaj\u0105cych zobowi\u0105zania publiczne, dzia\u0142ach zam\u00f3wie\u0144 publicznych,<\/p><\/li><li><p>w instytucjach finansowych obs\u0142uguj\u0105cych sektor publiczny.<\/p><\/li><\/ul>\t\t\t\t\t\t<\/div>\n\t\t\t\t<\/div>\n\t\t\t\t\t<\/div>\n\t\t<\/div>\n\t\t\t\t\t<\/div>\n\t\t<\/section>\n\t\t\t\t<section data-particle_enable=\"false\" data-particle-mobile-disabled=\"false\" class=\"elementor-section elementor-top-section elementor-element elementor-element-4f118f2 elementor-section-boxed elementor-section-height-default elementor-section-height-default\" data-id=\"4f118f2\" data-element_type=\"section\" data-settings=\"{&quot;jet_parallax_layout_list&quot;:[]}\">\n\t\t\t\t\t\t<div class=\"elementor-container elementor-column-gap-default\">\n\t\t\t\t\t<div class=\"elementor-column elementor-col-100 elementor-top-column elementor-element elementor-element-19fb06e\" data-id=\"19fb06e\" data-element_type=\"column\">\n\t\t\t<div class=\"elementor-widget-wrap elementor-element-populated\">\n\t\t\t\t\t\t<div class=\"elementor-element elementor-element-60f21eb elementor-widget elementor-widget-video\" data-id=\"60f21eb\" data-element_type=\"widget\" data-settings=\"{&quot;video_type&quot;:&quot;hosted&quot;,&quot;autoplay&quot;:&quot;yes&quot;,&quot;mute&quot;:&quot;yes&quot;,&quot;controls&quot;:&quot;yes&quot;}\" data-widget_type=\"video.default\">\n\t\t\t\t<div class=\"elementor-widget-container\">\n\t\t\t\t\t<div class=\"e-hosted-video elementor-wrapper elementor-open-inline\">\n\t\t\t\t\t<video class=\"elementor-video\" src=\"https:\/\/if.uek.krakow.pl\/kfpf\/wp-content\/uploads\/sites\/3\/2024\/09\/Administracja-skarbowa_ostateczny.mp4\" autoplay=\"\" controls=\"\" muted=\"muted\" controlsList=\"nodownload\"><\/video>\n\t\t\t\t<\/div>\n\t\t\t\t<\/div>\n\t\t\t\t<\/div>\n\t\t\t\t\t<\/div>\n\t\t<\/div>\n\t\t\t\t\t<\/div>\n\t\t<\/section>\n\t\t\t\t<\/div>\n\t\t","protected":false},"excerpt":{"rendered":"<p>Specjalno\u015b\u0107&nbsp; ADMINISTRACJA SKARBOWA specjalno\u015b\u0107 realizowana na kierunku Finanse i rachunkowo\u015b\u0107 (studia II stopnia) \u00a0 CHARAKTERYSTYKA SPECJALNO\u015aCI: Administracja skarbowa\u00a0to\u00a0pierwsza w Polsce, unikatowa specjalno\u015b\u0107, powsta\u0142a we wsp\u00f3\u0142pracy\u00a0Uniwersytetu Ekonomicznego w Krakowie z Krajow\u0105 Szko\u0142\u0105 Skarbowo\u015bci oraz Izb\u0105 Administracji Skarbowej w Krakowie. Celem specjalno\u015bci jest przekazanie kompleksowej, specjalistycznej wiedzy teoretycznej oraz zapewnienie praktycznych umiej\u0119tno\u015bci Studentom zainteresowanym prac\u0105 w administracji publicznej, a w szczeg\u00f3lno\u015bci w\u00a0strukturach administracji skarbowej. Dzi\u0119ki zaj\u0119ciom prowadzonym zar\u00f3wno przez pracownik\u00f3w Uniwersytetu, jak i praktyk\u00f3w zatrudnionych w\u00a0Ma\u0142opolskim Urz\u0119dzie Celno-Skarbowym oraz Izbie Administracji Skarbowej w Krakowie, studia na specjalno\u015bci\u00a0Administracja skarbowa\u00a0pozwalaj\u0105 weryfikowa\u0107 nabyt\u0105 wiedz\u0119 z do\u015bwiadczeniem pracy w urz\u0119dzie. Dodatkowo,\u00a0ka\u017cdy Student ma zagwarantowane praktyki i sta\u017ce w jednostkach organizacyjnych KAS, co podnosi presti\u017c i potwierdza wyj\u0105tkowo\u015b\u0107 naszej specjalno\u015bci. \u00a0 PROGRAM SPECJALNO\u015aCI: Jako Student specjalno\u015bci\u00a0Administracja skarbowa, poznasz dzia\u0142alno\u015b\u0107 instytucji publicznych \u201eod wewn\u0105trz\u201d. Nab\u0119dziesz fundamentaln\u0105 wiedz\u0119 z zakresu ekonomiki sektora publicznego, podstaw sprawozdawczo\u015bci finansowej, a\u00a0tak\u017ce poznasz teori\u0119 oraz praktyk\u0119 polityki fiskalnej i pieni\u0119\u017cnej. Nauczysz si\u0119 prawid\u0142owo interpretowa\u0107 i wyja\u015bnia\u0107 zjawiska ekonomiczne i prawne. Zrozumiesz zagadnienia dotycz\u0105ce polskiego systemu podatkowego oraz relacje zachodz\u0105ce mi\u0119dzy krajowym, mi\u0119dzynarodowym oraz wsp\u00f3lnotowym prawem podatkowym. Zg\u0142\u0119bisz zdobyt\u0105 wiedz\u0119 przy rozstrzyganiu konkretnych problem\u00f3w z zakresu prawa podatkowego. Nauczysz si\u0119 korzysta\u0107 z narz\u0119dzi informatycznych wykorzystywanych w administracji skarbowej.\u00a0Przygotujesz si\u0119\u00a0do samodzielnej\u00a0pracy\u00a0oraz pracy w\u00a0zespole\u00a0w\u00a0jednostkach zajmuj\u0105cych si\u0119 finansami publicznymi oraz w sektorze prywatnym. Dodatkowo, dob\u00f3r przedmiot\u00f3w kierunkowych umo\u017cliwi Ci zaznajomienie si\u0119 z\u00a0takimi zagadnieniami jak rachunkowo\u015b\u0107, zarz\u0105dzanie instytucjami kredytowymi czy zarz\u0105dzanie portfelem inwestycyjnym. \u00a0 PERSPEKTYWY ZAWODOWE: Jako Absolwent specjalno\u015bci\u00a0Administracja skarbowa\u00a0jeste\u015b przygotowany do pracy: w jednostkach organizacyjnych Krajowej Administracji Skarbowej (np. w izbach administracji skarbowej, urz\u0119dach skarbowych, urz\u0119dach celno-skarbowych), w Ministerstwie Finans\u00f3w, Najwy\u017cszej Izbie Kontroli, Komisji Nadzoru Finansowego, jako specjalista ds. podatk\u00f3w \u2013 zajmuj\u0105cy si\u0119 sprawami podatkowymi w kancelarii podatkowej, w dziale finansowym w przedsi\u0119biorstwie, w przedsi\u0119biorstwach w zespo\u0142ach rozliczaj\u0105cych zobowi\u0105zania publiczne, dzia\u0142ach zam\u00f3wie\u0144 publicznych, w instytucjach finansowych obs\u0142uguj\u0105cych sektor publiczny. https:\/\/if.uek.krakow.pl\/kfpf\/wp-content\/uploads\/sites\/3\/2024\/09\/Administracja-skarbowa_ostateczny.mp4<\/p>\n","protected":false},"author":4,"featured_media":0,"parent":336,"menu_order":0,"comment_status":"closed","ping_status":"closed","template":"elementor_header_footer","meta":{"footnotes":""},"class_list":["post-1623","page","type-page","status-publish","hentry"],"_links":{"self":[{"href":"https:\/\/if2.uek.krakow.pl\/kfpf\/wp-json\/wp\/v2\/pages\/1623","targetHints":{"allow":["GET"]}}],"collection":[{"href":"https:\/\/if2.uek.krakow.pl\/kfpf\/wp-json\/wp\/v2\/pages"}],"about":[{"href":"https:\/\/if2.uek.krakow.pl\/kfpf\/wp-json\/wp\/v2\/types\/page"}],"author":[{"embeddable":true,"href":"https:\/\/if2.uek.krakow.pl\/kfpf\/wp-json\/wp\/v2\/users\/4"}],"replies":[{"embeddable":true,"href":"https:\/\/if2.uek.krakow.pl\/kfpf\/wp-json\/wp\/v2\/comments?post=1623"}],"version-history":[{"count":15,"href":"https:\/\/if2.uek.krakow.pl\/kfpf\/wp-json\/wp\/v2\/pages\/1623\/revisions"}],"predecessor-version":[{"id":2984,"href":"https:\/\/if2.uek.krakow.pl\/kfpf\/wp-json\/wp\/v2\/pages\/1623\/revisions\/2984"}],"up":[{"embeddable":true,"href":"https:\/\/if2.uek.krakow.pl\/kfpf\/wp-json\/wp\/v2\/pages\/336"}],"wp:attachment":[{"href":"https:\/\/if2.uek.krakow.pl\/kfpf\/wp-json\/wp\/v2\/media?parent=1623"}],"curies":[{"name":"wp","href":"https:\/\/api.w.org\/{rel}","templated":true}]}}