{"id":1535,"date":"2023-03-31T16:18:10","date_gmt":"2023-03-31T14:18:10","guid":{"rendered":"https:\/\/if.uek.krakow.pl\/kfpf\/?page_id=1535"},"modified":"2025-09-30T14:10:12","modified_gmt":"2025-09-30T12:10:12","slug":"studia-podyplomowe","status":"publish","type":"page","link":"https:\/\/if2.uek.krakow.pl\/kfpf\/studia-podyplomowe\/","title":{"rendered":"Studia podyplomowe"},"content":{"rendered":"\t\t<div data-elementor-type=\"wp-page\" data-elementor-id=\"1535\" class=\"elementor elementor-1535\" data-elementor-post-type=\"page\">\n\t\t\t\t\t\t<section data-particle_enable=\"false\" data-particle-mobile-disabled=\"false\" class=\"elementor-section elementor-top-section elementor-element elementor-element-27cd247 elementor-section-boxed elementor-section-height-default elementor-section-height-default\" data-id=\"27cd247\" data-element_type=\"section\" data-settings=\"{&quot;jet_parallax_layout_list&quot;:[]}\">\n\t\t\t\t\t\t<div class=\"elementor-container elementor-column-gap-default\">\n\t\t\t\t\t<div class=\"elementor-column elementor-col-100 elementor-top-column elementor-element elementor-element-fd966dd\" data-id=\"fd966dd\" data-element_type=\"column\">\n\t\t\t<div class=\"elementor-widget-wrap elementor-element-populated\">\n\t\t\t\t\t\t<div class=\"elementor-element elementor-element-b124c57 elementor-widget-divider--view-line elementor-invisible elementor-widget elementor-widget-divider\" data-id=\"b124c57\" data-element_type=\"widget\" data-settings=\"{&quot;_animation&quot;:&quot;fadeInLeft&quot;}\" data-widget_type=\"divider.default\">\n\t\t\t\t<div class=\"elementor-widget-container\">\n\t\t\t\t\t<div class=\"elementor-divider\">\n\t\t\t<span class=\"elementor-divider-separator\">\n\t\t\t\t\t\t<\/span>\n\t\t<\/div>\n\t\t\t\t<\/div>\n\t\t\t\t<\/div>\n\t\t\t\t\t<\/div>\n\t\t<\/div>\n\t\t\t\t\t<\/div>\n\t\t<\/section>\n\t\t\t\t<section data-particle_enable=\"false\" data-particle-mobile-disabled=\"false\" class=\"elementor-section elementor-top-section elementor-element elementor-element-1da1906 elementor-section-boxed elementor-section-height-default elementor-section-height-default\" data-id=\"1da1906\" data-element_type=\"section\" data-settings=\"{&quot;jet_parallax_layout_list&quot;:[]}\">\n\t\t\t\t\t\t<div class=\"elementor-container elementor-column-gap-default\">\n\t\t\t\t\t<div class=\"elementor-column elementor-col-100 elementor-top-column elementor-element elementor-element-ef006b7\" data-id=\"ef006b7\" data-element_type=\"column\">\n\t\t\t<div class=\"elementor-widget-wrap elementor-element-populated\">\n\t\t\t\t\t\t<div class=\"elementor-element elementor-element-5c345e1 elementor-widget elementor-widget-text-editor\" data-id=\"5c345e1\" data-element_type=\"widget\" data-widget_type=\"text-editor.default\">\n\t\t\t\t<div class=\"elementor-widget-container\">\n\t\t\t\t\t\t\t<p><strong>Rachunkowo\u015b\u0107 i finanse (studia dwusemestralne)<\/strong><\/p><p><span style=\"color: #ffff00\"><strong><span style=\"text-decoration: underline\">REKRUTACJA NA SEMESTR ZIMOWY 2025\/2026 &#8211; PRZED\u0141U\u017bONA DO 15 PA\u017bDZIERNIKA 2025 R!<\/span><\/strong><\/span><\/p>\t\t\t\t\t\t<\/div>\n\t\t\t\t<\/div>\n\t\t\t\t<div class=\"elementor-element elementor-element-ad61cf6 elementor-widget elementor-widget-text-editor\" data-id=\"ad61cf6\" data-element_type=\"widget\" data-widget_type=\"text-editor.default\">\n\t\t\t\t<div class=\"elementor-widget-container\">\n\t\t\t\t\t\t\t<p>Studia adresowane s\u0105 do absolwent\u00f3w studi\u00f3w wy\u017cszych, zw\u0142aszcza ekonomicznych i prawniczych zamierzaj\u0105cych prowadzi\u0107 prawno-finansow\u0105 obs\u0142ug\u0119 sektora prywatnego i publicznego, w szczeg\u00f3lno\u015bci jako radca prawny, doradca podatkowy, pracownik dzia\u0142u ksi\u0119gowego, podatkowego, audytu oraz pe\u0142ni\u0105cych funkcje kierownicze w dzia\u0142ach finansowych podmiot\u00f3w gospodarczych.<\/p>\t\t\t\t\t\t<\/div>\n\t\t\t\t<\/div>\n\t\t\t\t<div class=\"elementor-element elementor-element-c18e3ba elementor-widget elementor-widget-button\" data-id=\"c18e3ba\" data-element_type=\"widget\" data-widget_type=\"button.default\">\n\t\t\t\t<div class=\"elementor-widget-container\">\n\t\t\t\t\t\t\t<div class=\"elementor-button-wrapper\">\n\t\t\t\t\t<a class=\"elementor-button elementor-button-link elementor-size-sm\" href=\"https:\/\/if.uek.krakow.pl\/studia-podyplomowe\/rachunkowosc-i-finanse-studia-dwusemestralne\/\">\n\t\t\t\t\t\t<span class=\"elementor-button-content-wrapper\">\n\t\t\t\t\t\t\t\t\t<span class=\"elementor-button-text\">Wi\u0119cej informacji<\/span>\n\t\t\t\t\t<\/span>\n\t\t\t\t\t<\/a>\n\t\t\t\t<\/div>\n\t\t\t\t\t\t<\/div>\n\t\t\t\t<\/div>\n\t\t\t\t\t<\/div>\n\t\t<\/div>\n\t\t\t\t\t<\/div>\n\t\t<\/section>\n\t\t\t\t<section data-particle_enable=\"false\" data-particle-mobile-disabled=\"false\" class=\"elementor-section elementor-top-section elementor-element elementor-element-58a2084 elementor-section-boxed elementor-section-height-default elementor-section-height-default\" data-id=\"58a2084\" data-element_type=\"section\" data-settings=\"{&quot;jet_parallax_layout_list&quot;:[]}\">\n\t\t\t\t\t\t<div class=\"elementor-container elementor-column-gap-default\">\n\t\t\t\t\t<div class=\"elementor-column elementor-col-100 elementor-top-column elementor-element elementor-element-bf65a8c\" data-id=\"bf65a8c\" data-element_type=\"column\">\n\t\t\t<div class=\"elementor-widget-wrap elementor-element-populated\">\n\t\t\t\t\t\t<div class=\"elementor-element elementor-element-b986ec2 elementor-widget-divider--view-line elementor-widget elementor-widget-divider\" data-id=\"b986ec2\" data-element_type=\"widget\" data-widget_type=\"divider.default\">\n\t\t\t\t<div class=\"elementor-widget-container\">\n\t\t\t\t\t<div class=\"elementor-divider\">\n\t\t\t<span class=\"elementor-divider-separator\">\n\t\t\t\t\t\t<\/span>\n\t\t<\/div>\n\t\t\t\t<\/div>\n\t\t\t\t<\/div>\n\t\t\t\t<div class=\"elementor-element elementor-element-f754c5a elementor-widget elementor-widget-text-editor\" data-id=\"f754c5a\" data-element_type=\"widget\" data-widget_type=\"text-editor.default\">\n\t\t\t\t<div class=\"elementor-widget-container\">\n\t\t\t\t\t\t\t<p><strong>Rachunkowo\u015b\u0107 i finanse (studia trzysemestralne)<\/strong><\/p><p><span style=\"color: #ffff00\"><strong><span style=\"text-decoration: underline\">REKRUTACJA NA SEMESTR ZIMOWY 2025\/2026 &#8211; PRZED\u0141U\u017bONA DO 15 PA\u017bDZIERNIKA 2025 R!<\/span><\/strong><\/span><\/p>\t\t\t\t\t\t<\/div>\n\t\t\t\t<\/div>\n\t\t\t\t<div class=\"elementor-element elementor-element-9fb41e5 elementor-widget elementor-widget-text-editor\" data-id=\"9fb41e5\" data-element_type=\"widget\" data-widget_type=\"text-editor.default\">\n\t\t\t\t<div class=\"elementor-widget-container\">\n\t\t\t\t\t\t\t<p>Celem studi\u00f3w jest kszta\u0142cenie od podstaw z zakresu rachunkowo\u015bci finansowej, rachunku koszt\u00f3w i wynik\u00f3w, rachunkowo\u015bci podatkowej, bud\u017cetowej, zasad analizy sprawozda\u0144 finansowych i ich wykorzystania w zarz\u0105dzaniu finansami przedsi\u0119biorstw. Ponadto, uczestnicy zapoznaj\u0105 si\u0119 r\u00f3wnie\u017c z wybranymi zagadnieniami prawa, w szczeg\u00f3lno\u015bci prawa podatkowego.<\/p>\t\t\t\t\t\t<\/div>\n\t\t\t\t<\/div>\n\t\t\t\t<div class=\"elementor-element elementor-element-5069c53 elementor-widget elementor-widget-button\" data-id=\"5069c53\" data-element_type=\"widget\" data-widget_type=\"button.default\">\n\t\t\t\t<div class=\"elementor-widget-container\">\n\t\t\t\t\t\t\t<div class=\"elementor-button-wrapper\">\n\t\t\t\t\t<a class=\"elementor-button elementor-button-link elementor-size-sm\" href=\"https:\/\/if.uek.krakow.pl\/studia-podyplomowe\/rachunkowosc-i-finanse-studia-trzysemestralne\/\">\n\t\t\t\t\t\t<span class=\"elementor-button-content-wrapper\">\n\t\t\t\t\t\t\t\t\t<span class=\"elementor-button-text\">Wi\u0119cej informacji<\/span>\n\t\t\t\t\t<\/span>\n\t\t\t\t\t<\/a>\n\t\t\t\t<\/div>\n\t\t\t\t\t\t<\/div>\n\t\t\t\t<\/div>\n\t\t\t\t\t<\/div>\n\t\t<\/div>\n\t\t\t\t\t<\/div>\n\t\t<\/section>\n\t\t\t\t<section data-particle_enable=\"false\" data-particle-mobile-disabled=\"false\" class=\"elementor-section elementor-top-section elementor-element elementor-element-986b4d8 elementor-section-boxed elementor-section-height-default elementor-section-height-default\" data-id=\"986b4d8\" data-element_type=\"section\" data-settings=\"{&quot;jet_parallax_layout_list&quot;:[]}\">\n\t\t\t\t\t\t<div class=\"elementor-container elementor-column-gap-default\">\n\t\t\t\t\t<div class=\"elementor-column elementor-col-100 elementor-top-column elementor-element elementor-element-bd229a5\" data-id=\"bd229a5\" data-element_type=\"column\">\n\t\t\t<div class=\"elementor-widget-wrap elementor-element-populated\">\n\t\t\t\t\t\t<div class=\"elementor-element elementor-element-70505ea elementor-widget-divider--view-line elementor-widget elementor-widget-divider\" data-id=\"70505ea\" data-element_type=\"widget\" data-widget_type=\"divider.default\">\n\t\t\t\t<div class=\"elementor-widget-container\">\n\t\t\t\t\t<div class=\"elementor-divider\">\n\t\t\t<span class=\"elementor-divider-separator\">\n\t\t\t\t\t\t<\/span>\n\t\t<\/div>\n\t\t\t\t<\/div>\n\t\t\t\t<\/div>\n\t\t\t\t<div class=\"elementor-element elementor-element-338db1f elementor-widget elementor-widget-text-editor\" data-id=\"338db1f\" data-element_type=\"widget\" data-widget_type=\"text-editor.default\">\n\t\t\t\t<div class=\"elementor-widget-container\">\n\t\t\t\t\t\t\t<p><strong>Finanse i rachunkowo\u015b\u0107 bud\u017cetowa \u00a0(studia dwusemestralne)<\/strong><\/p><p><strong><span style=\"color: #ffff00\"><span style=\"text-decoration: underline\">REKRUTACJA NA SEMESTR ZIMOWY 2025\/2026 &#8211; PRZED\u0141U\u017bONA DO 15 PA\u017bDZIERNIKA 2025 R!<\/span><\/span><\/strong><\/p>\t\t\t\t\t\t<\/div>\n\t\t\t\t<\/div>\n\t\t\t\t<div class=\"elementor-element elementor-element-9466dda elementor-widget elementor-widget-text-editor\" data-id=\"9466dda\" data-element_type=\"widget\" data-widget_type=\"text-editor.default\">\n\t\t\t\t<div class=\"elementor-widget-container\">\n\t\t\t\t\t\t\t<p>Celem studi\u00f3w podyplomowych \u201eFinanse i rachunkowo\u015b\u0107 bud\u017cetowa\u201d jest zdobycie i pog\u0142\u0119bienie wiedzy i kompetencji, niezb\u0119dnych do podejmowania dzia\u0142a\u0144 z zakresu gospodarki finansowej i rachunkowo\u015bci bud\u017cetowej w jednostkach samorz\u0105du terytorialnego.<\/p>\t\t\t\t\t\t<\/div>\n\t\t\t\t<\/div>\n\t\t\t\t<div class=\"elementor-element elementor-element-a5da840 elementor-widget elementor-widget-button\" data-id=\"a5da840\" data-element_type=\"widget\" data-widget_type=\"button.default\">\n\t\t\t\t<div class=\"elementor-widget-container\">\n\t\t\t\t\t\t\t<div class=\"elementor-button-wrapper\">\n\t\t\t\t\t<a class=\"elementor-button elementor-button-link elementor-size-sm\" href=\"https:\/\/if.uek.krakow.pl\/studia-podyplomowe\/finanse-i-rachunkowosc-budzetowa\/\">\n\t\t\t\t\t\t<span class=\"elementor-button-content-wrapper\">\n\t\t\t\t\t\t\t\t\t<span class=\"elementor-button-text\">Wi\u0119cej informacji<\/span>\n\t\t\t\t\t<\/span>\n\t\t\t\t\t<\/a>\n\t\t\t\t<\/div>\n\t\t\t\t\t\t<\/div>\n\t\t\t\t<\/div>\n\t\t\t\t\t<\/div>\n\t\t<\/div>\n\t\t\t\t\t<\/div>\n\t\t<\/section>\n\t\t\t\t<\/div>\n\t\t","protected":false},"excerpt":{"rendered":"<p>Rachunkowo\u015b\u0107 i finanse (studia dwusemestralne) REKRUTACJA NA SEMESTR ZIMOWY 2025\/2026 &#8211; PRZED\u0141U\u017bONA DO 15 PA\u017bDZIERNIKA 2025 R! Studia adresowane s\u0105 do absolwent\u00f3w studi\u00f3w wy\u017cszych, zw\u0142aszcza ekonomicznych i prawniczych zamierzaj\u0105cych prowadzi\u0107 prawno-finansow\u0105 obs\u0142ug\u0119 sektora prywatnego i publicznego, w szczeg\u00f3lno\u015bci jako radca prawny, doradca podatkowy, pracownik dzia\u0142u ksi\u0119gowego, podatkowego, audytu oraz pe\u0142ni\u0105cych funkcje kierownicze w dzia\u0142ach finansowych podmiot\u00f3w gospodarczych. Wi\u0119cej informacji Rachunkowo\u015b\u0107 i finanse (studia trzysemestralne) REKRUTACJA NA SEMESTR ZIMOWY 2025\/2026 &#8211; PRZED\u0141U\u017bONA DO 15 PA\u017bDZIERNIKA 2025 R! Celem studi\u00f3w jest kszta\u0142cenie od podstaw z zakresu rachunkowo\u015bci finansowej, rachunku koszt\u00f3w i wynik\u00f3w, rachunkowo\u015bci podatkowej, bud\u017cetowej, zasad analizy sprawozda\u0144 finansowych i ich wykorzystania w zarz\u0105dzaniu finansami przedsi\u0119biorstw. Ponadto, uczestnicy zapoznaj\u0105 si\u0119 r\u00f3wnie\u017c z wybranymi zagadnieniami prawa, w szczeg\u00f3lno\u015bci prawa podatkowego. Wi\u0119cej informacji Finanse i rachunkowo\u015b\u0107 bud\u017cetowa \u00a0(studia dwusemestralne) REKRUTACJA NA SEMESTR ZIMOWY 2025\/2026 &#8211; PRZED\u0141U\u017bONA DO 15 PA\u017bDZIERNIKA 2025 R! Celem studi\u00f3w podyplomowych \u201eFinanse i rachunkowo\u015b\u0107 bud\u017cetowa\u201d jest zdobycie i pog\u0142\u0119bienie wiedzy i kompetencji, niezb\u0119dnych do podejmowania dzia\u0142a\u0144 z zakresu gospodarki finansowej i rachunkowo\u015bci bud\u017cetowej w jednostkach samorz\u0105du terytorialnego. Wi\u0119cej informacji<\/p>\n","protected":false},"author":10,"featured_media":0,"parent":0,"menu_order":0,"comment_status":"closed","ping_status":"closed","template":"","meta":{"footnotes":""},"class_list":["post-1535","page","type-page","status-publish","hentry"],"_links":{"self":[{"href":"https:\/\/if2.uek.krakow.pl\/kfpf\/wp-json\/wp\/v2\/pages\/1535","targetHints":{"allow":["GET"]}}],"collection":[{"href":"https:\/\/if2.uek.krakow.pl\/kfpf\/wp-json\/wp\/v2\/pages"}],"about":[{"href":"https:\/\/if2.uek.krakow.pl\/kfpf\/wp-json\/wp\/v2\/types\/page"}],"author":[{"embeddable":true,"href":"https:\/\/if2.uek.krakow.pl\/kfpf\/wp-json\/wp\/v2\/users\/10"}],"replies":[{"embeddable":true,"href":"https:\/\/if2.uek.krakow.pl\/kfpf\/wp-json\/wp\/v2\/comments?post=1535"}],"version-history":[{"count":24,"href":"https:\/\/if2.uek.krakow.pl\/kfpf\/wp-json\/wp\/v2\/pages\/1535\/revisions"}],"predecessor-version":[{"id":3396,"href":"https:\/\/if2.uek.krakow.pl\/kfpf\/wp-json\/wp\/v2\/pages\/1535\/revisions\/3396"}],"wp:attachment":[{"href":"https:\/\/if2.uek.krakow.pl\/kfpf\/wp-json\/wp\/v2\/media?parent=1535"}],"curies":[{"name":"wp","href":"https:\/\/api.w.org\/{rel}","templated":true}]}}