{"id":1266,"date":"2023-03-03T13:57:06","date_gmt":"2023-03-03T12:57:06","guid":{"rendered":"https:\/\/if.uek.krakow.pl\/kbgsf\/?page_id=1266"},"modified":"2023-10-03T13:54:24","modified_gmt":"2023-10-03T11:54:24","slug":"koordynator-ds-dostepnosci","status":"publish","type":"page","link":"https:\/\/if.uek.krakow.pl\/kbgsf\/studenci\/koordynator-ds-dostepnosci\/","title":{"rendered":"Koordynator ds. Dost\u0119pno\u015bci"},"content":{"rendered":"\t\t<div data-elementor-type=\"wp-page\" data-elementor-id=\"1266\" class=\"elementor elementor-1266\">\n\t\t\t\t\t\t<section data-particle_enable=\"false\" data-particle-mobile-disabled=\"false\" class=\"elementor-section elementor-top-section elementor-element elementor-element-d01b913 elementor-section-boxed elementor-section-height-default elementor-section-height-default\" data-id=\"d01b913\" data-element_type=\"section\" data-settings=\"{&quot;jet_parallax_layout_list&quot;:[]}\">\n\t\t\t\t\t\t<div class=\"elementor-container elementor-column-gap-default\">\n\t\t\t\t\t<div class=\"elementor-column elementor-col-100 elementor-top-column elementor-element elementor-element-9efc58d\" data-id=\"9efc58d\" data-element_type=\"column\">\n\t\t\t<div class=\"elementor-widget-wrap elementor-element-populated\">\n\t\t\t\t\t\t<div class=\"elementor-element elementor-element-86191c5 elementor-widget elementor-widget-spacer\" data-id=\"86191c5\" data-element_type=\"widget\" data-widget_type=\"spacer.default\">\n\t\t\t\t<div class=\"elementor-widget-container\">\n\t\t\t\t\t<div class=\"elementor-spacer\">\n\t\t\t<div class=\"elementor-spacer-inner\"><\/div>\n\t\t<\/div>\n\t\t\t\t<\/div>\n\t\t\t\t<\/div>\n\t\t\t\t<div class=\"elementor-element elementor-element-aa51a7f elementor-widget elementor-widget-text-editor\" data-id=\"aa51a7f\" data-element_type=\"widget\" data-widget_type=\"text-editor.default\">\n\t\t\t\t<div class=\"elementor-widget-container\">\n\t\t\t\t\t\t\t<p>Katedralnym Pe\u0142nomocnikiem ds. Dost\u0119pno\u015bci jest dr Micha\u0142 Boda.<\/p><p>Dane kontaktowe :<br \/>dr Micha\u0142 Boda<br \/>pok. 711, pawilon F<br \/>terminy konsultacji: <a href=\"https:\/\/e-uczelnia.uek.krakow.pl\/course\/view.php?id=6681#section-0\">e-wizyt\u00f3wka<\/a><br \/>adres e-mail: bodam@uek.krakow.pl<\/p><p>Zach\u0119camy do uczestnictwa w szkoleniach na bie\u017c\u0105co organizowanych przez Biuro ds. Os\u00f3b z Niepe\u0142nosprawno\u015bciami: <a href=\"http:\/\/www.bon.uek.krakow.pl\">http:\/\/www.bon.uek.krakow.pl<\/a><\/p><p><strong>Wa\u017cne adresy:<\/strong><\/p><p><strong>Biuro ds. Os\u00f3b z Niepe\u0142nosprawno\u015bciami<\/strong><br \/>Uniwersytet Ekonomiczny w Krakowie<br \/>ul. Rakowicka 27<br \/>31-510 Krak\u00f3w<br \/>Pawilon D, Pok\u00f3j 20<br \/>tel.: 12 293 51 20<br \/>tel.\/fax: 12 293 51 19<br \/>kom.: 695 608 630 \/ 695 608 640<br \/>UWAGA! kom.: 881 921 211 (kontakt wy\u0142\u0105cznie dla os\u00f3b nies\u0142ysz\u0105cych)<br \/>bon@uek.krakow.pl<\/p><p><strong>Centrum Wsparcia Psychologicznego<\/strong><br \/>Uniwersytet Ekonomiczny w Krakowie<br \/>ul. Rakowicka 27<br \/>31-510 Krak\u00f3w<br \/>Pawilon D, pok\u00f3j 18<br \/>tel.: (12) 293-51-17 (CWP)<br \/>cwp@uek.krakow.pl<\/p><p><strong>Przydatne linki:<\/strong><br \/>Strona g\u0142\u00f3wna Biura ds. Os\u00f3b Niepe\u0142nosprawnych: <a href=\"http:\/\/bon.uek.krakow.pl\">http:\/\/bon.uek.krakow.pl<\/a><br \/>Konsultacje psychologa: <a href=\"http:\/\/bon.uek.krakow.pl\/index.php?p=m&amp;idg=ps,79\">http:\/\/bon.uek.krakow.pl\/index.php?p=m&amp;idg=ps,79<\/a><\/p>\t\t\t\t\t\t<\/div>\n\t\t\t\t<\/div>\n\t\t\t\t\t<\/div>\n\t\t<\/div>\n\t\t\t\t\t<\/div>\n\t\t<\/section>\n\t\t\t\t<\/div>\n\t\t","protected":false},"excerpt":{"rendered":"<p>\/*! elementor &#8211; v3.11.2 &#8211; 22-02-2023 *\/ .elementor-column .elementor-spacer-inner{height:var(&#8211;spacer-size)}.e-con{&#8211;container-widget-width:100%}.e-con-inner&gt;.elementor-widget-spacer,.e-con&gt;.elementor-widget-spacer{width:var(&#8211;container-widget-width,var(&#8211;spacer-size));&#8211;align-self:var(&#8211;container-widget-align-self,initial);&#8211;flex-shrink:0}.e-con-inner&gt;.elementor-widget-spacer&gt;.elementor-widget-container,.e-con-inner&gt;.elementor-widget-spacer&gt;.elementor-widget-container&gt;.elementor-spacer,.e-con&gt;.elementor-widget-spacer&gt;.elementor-widget-container,.e-con&gt;.elementor-widget-spacer&gt;.elementor-widget-container&gt;.elementor-spacer{height:100%}.e-con-inner&gt;.elementor-widget-spacer&gt;.elementor-widget-container&gt;.elementor-spacer&gt;.elementor-spacer-inner,.e-con&gt;.elementor-widget-spacer&gt;.elementor-widget-container&gt;.elementor-spacer&gt;.elementor-spacer-inner{height:var(&#8211;container-widget-height,var(&#8211;spacer-size))} Katedralnym Pe\u0142nomocnikiem ds. Dost\u0119pno\u015bci jest dr Micha\u0142 Boda. Dane kontaktowe :dr Micha\u0142 Bodapok. 711, pawilon Fterminy konsultacji: e-wizyt\u00f3wkaadres e-mail: bodam@uek.krakow.pl Zach\u0119camy do uczestnictwa w szkoleniach na bie\u017c\u0105co organizowanych przez Biuro ds. Os\u00f3b z Niepe\u0142nosprawno\u015bciami: http:\/\/www.bon.uek.krakow.pl Wa\u017cne adresy: Biuro ds. Os\u00f3b z Niepe\u0142nosprawno\u015bciamiUniwersytet Ekonomiczny w Krakowieul. Rakowicka 2731-510 Krak\u00f3wPawilon D, Pok\u00f3j 20tel.: 12 293 51 20tel.\/fax: 12 293 51 19kom.: 695 608 630 \/ 695 608 640UWAGA! kom.: 881 921 211 (kontakt wy\u0142\u0105cznie dla os\u00f3b nies\u0142ysz\u0105cych)bon@uek.krakow.pl Centrum Wsparcia PsychologicznegoUniwersytet Ekonomiczny w Krakowieul. Rakowicka 2731-510 Krak\u00f3wPawilon D, pok\u00f3j 18tel.: (12) 293-51-17 (CWP)cwp@uek.krakow.pl Przydatne linki:Strona g\u0142\u00f3wna Biura ds. Os\u00f3b Niepe\u0142nosprawnych: http:\/\/bon.uek.krakow.plKonsultacje psychologa: http:\/\/bon.uek.krakow.pl\/index.php?p=m&amp;idg=ps,79<\/p>\n","protected":false},"author":2,"featured_media":0,"parent":336,"menu_order":0,"comment_status":"closed","ping_status":"closed","template":"elementor_header_footer","meta":{"footnotes":""},"class_list":["post-1266","page","type-page","status-publish","hentry"],"_links":{"self":[{"href":"https:\/\/if.uek.krakow.pl\/kbgsf\/wp-json\/wp\/v2\/pages\/1266","targetHints":{"allow":["GET"]}}],"collection":[{"href":"https:\/\/if.uek.krakow.pl\/kbgsf\/wp-json\/wp\/v2\/pages"}],"about":[{"href":"https:\/\/if.uek.krakow.pl\/kbgsf\/wp-json\/wp\/v2\/types\/page"}],"author":[{"embeddable":true,"href":"https:\/\/if.uek.krakow.pl\/kbgsf\/wp-json\/wp\/v2\/users\/2"}],"replies":[{"embeddable":true,"href":"https:\/\/if.uek.krakow.pl\/kbgsf\/wp-json\/wp\/v2\/comments?post=1266"}],"version-history":[{"count":6,"href":"https:\/\/if.uek.krakow.pl\/kbgsf\/wp-json\/wp\/v2\/pages\/1266\/revisions"}],"predecessor-version":[{"id":1614,"href":"https:\/\/if.uek.krakow.pl\/kbgsf\/wp-json\/wp\/v2\/pages\/1266\/revisions\/1614"}],"up":[{"embeddable":true,"href":"https:\/\/if.uek.krakow.pl\/kbgsf\/wp-json\/wp\/v2\/pages\/336"}],"wp:attachment":[{"href":"https:\/\/if.uek.krakow.pl\/kbgsf\/wp-json\/wp\/v2\/media?parent=1266"}],"curies":[{"name":"wp","href":"https:\/\/api.w.org\/{rel}","templated":true}]}}